en 28 is divided by t(8).
13
Let m = -10 + 12. Suppose -m*b - 2*b = -92. What is the remainder when b is divided by 12?
11
What is the remainder when 98 is divided by -2*(-3)/(-24)*-2*22?
10
Suppose 0 = -2*t + 4*t - 124. Suppose -5*n = 3*p - t, 4*p = p + 4*n + 53. Calculate the remainder when p is divided by 7.
5
Suppose 0*k + 24 = 4*k. Suppose -3*h - 141 = -k*h. Suppose l = 2*g - 29, -5*g + h = -3*l - 28. What is the remainder when g is divided by 7?
5
Let j(y) = y**2 - y - 1. Let x be j(2). Let k = -1 + x. Suppose k*p - 40 = -4*p. What is the remainder when p is divided by 6?
4
Let t(w) = w**3 - 6*w**2 + w - 2. Let d(k) = k**3 - 7*k**2 + k - 2. Let b(p) = -4*d(p) + 5*t(p). What is the remainder when 38 is divided by b(3)?
8
Let v(a) = a**3 + 4*a**2 - a. Let y = 9 - 13. Calculate the remainder when v(y) is divided by 2.
0
What is the remainder when ((0 - -2)*12)/2 is divided by 9?
3
Suppose 0 = 3*q + 21 - 6. Let y be (-2)/q - 8/(-5). Suppose 7 = g - y*c, 0*g = 5*g - 4*c - 53. What is the remainder when g is divided by 5?
3
Suppose -3*p = -2*s - 6, s + 3 + 0 = 0. Suppose 0*o - 3*o + 3*w + 36 = p, 32 = 3*o - 2*w. Calculate the remainder when 22 is divided by o.
6
Suppose -5*s - 3*x + 165 = -55, -163 = -4*s - 5*x. Suppose 4*d - 2*d = 28. Let v = d + 2. What is the remainder when s is divided by v?
15
Suppose 102 - 354 = -4*s. Let p be 16 - (-1 + (-2 - -2)). Suppose 1 = -q + p. Calculate the remainder when s is divided by q.
15
Suppose 3*u = s + 47, -5*u + 3*s + 51 = -34. Let k(q) = q + u + 2*q**2 + 0 - q**2. Calculate the remainder when 26 is divided by k(0).
12
Suppose -86 = -4*w - 5*d + 3*d, 0 = -2*d + 6. Let s = 183 - 105. Let r = s + -40. Calculate the remainder when r is divided by w.
18
Let z(r) be the first derivative of r**3/3 - 4*r**2 + 6*r + 2. Suppose 112 = 7*c - 3*c. Calculate the remainder when c is divided by z(9).
13
Let k(v) = -12*v**3 + 2*v**2 + v - 1. Calculate the remainder when 32 is divided by k(-1).
8
Let g(c) = c**2 - 6*c + 6. Let a = -8 - -16. What is the remainder when g(8) is divided by a?
6
Suppose 0 = 3*a + a - 16. Suppose -r = -5*c + 3*r + 181, a*c + 4*r = 152. Calculate the remainder when c is divided by 10.
7
Suppose 2*b - 34 - 26 = 0. What is the remainder when b is divided by 8?
6
Suppose -4*q + 4 = -2*f, 3*f + 2 = 5*q - f. Let d(n) = -n**3 - 4*n**2 + 2*n + 3. Let z be d(-4). What is the remainder when 4/z*(-15)/6 is divided by q?
0
Let w(q) = q**2 - 3. Let c be 0*(-3)/12*2. Suppose -2*u + c*u = 6. Calculate the remainder when w(u) is divided by 4.
2
What is the remainder when 227*(-3)/(-12) + (-5)/(-20) is divided by 10?
7
Suppose -29 = -4*f - 5*v, -2*v = v + 9. Calculate the remainder when f is divided by 3.
2
Suppose 5*m + 47 = i, -2*i - 2*i - m + 209 = 0. Calculate the remainder when i is divided by 28.
24
Suppose -3*w = -w - 12. Suppose 2*t = 3*h + 35, -3*h + 25 = t - w*h. What is the remainder when 28 is divided by t?
8
Let r = -15 - -32. Suppose t + 0*t = -2*w + r, -4*t + 68 = -3*w. Calculate the remainder when t is divided by 6.
5
Let d be ((-40)/(-6))/(-4)*-3. Suppose -d*v + 40 = 2*i, 4*i + 3*v - 84 = 24. What is the remainder when i is divided by 16?
14
Suppose 0 = 5*g + 11 + 4. Let s = 19 + g. Let u = -9 + s. Calculate the remainder when 12 is divided by u.
5
Suppose 2*d - 21 = -0*d + 3*w, 4*d - 36 = 4*w. Suppose -6*x + 36 = -2*x + c, -2*c + 42 = 5*x. Calculate the remainder when x is divided by d.
4
Let i = 5 + -27. Let f = -32 + 58. Calculate the remainder when f is divided by (-505)/(-55) + 4/i.
8
Suppose 2 = -3*p + 14. Calculate the remainder when (2/p)/((-2)/(-196)) is divided by 17.
15
Let z(w) = -w**2 - 2*w**2 + 6*w + 2 + 4*w**2. Let r be z(-6). Calculate the remainder when (-4)/r + 3*8 is divided by 8.
6
Let c = -4 - -53. Calculate the remainder when 95 is divided by c.
46
Calculate the remainder when 19 is divided by 280/(-175)*(26/(-4) + -1).
7
Let a = 6 - 3. Suppose 4*s + 19 + 7 = a*g, 0 = -5*g - 3*s - 5. Suppose 10 = 24*p - 38. Calculate the remainder when g is divided by p.
0
Let c be (-18)/((-9)/6 - 0). Suppose 24 + c = -4*w. Calculate the remainder when 2 is divided by (3/1)/(w/(-6)).
0
Let i = 4 - 0. Suppose 2*r = 4*d + 28 + 10, -5*r + 79 = -2*d. Calculate the remainder when r is divided by i.
3
Suppose -31*i = -24*i - 28. Calculate the remainder when 19 is divided by i.
3
Suppose 13*p - 105 = 8*p. Calculate the remainder when p is divided by 6.
3
Suppose u + 174 = 7*u. What is the remainder when u is divided by 8?
5
Suppose -50 = -7*g + 55. Suppose -m + g = 4*m. Calculate the remainder when m is divided by (2 - 0)/(3 - 1).
0
Let r(t) = -t**2 - 15*t + 8. What is the remainder when 43 is divided by r(-14)?
21
Let h(c) = -c + 5. Let m be (-3)/(-6)*(-1 + 1). What is the remainder when 7 is divided by h(m)?
2
Let f(o) = o**2 - 22*o - 8. Calculate the remainder when f(23) is divided by 4.
3
Suppose -5 = -3*t + 1, t + 73 = 5*o. Calculate the remainder when 73 is divided by o.
13
Suppose b - 20 = -3*b. What is the remainder when 24 is divided by b?
4
Suppose 20 = -d + 5*d. Suppose 5*u - t = -2*t + 71, d*u - 68 = 2*t. Calculate the remainder when u is divided by 8.
6
Suppose j + 5 = 0, -2 - 28 = -5*v + j. Suppose 0 = -6*p + 2*p + 204. Suppose p = 3*i + 12. What is the remainder when i is divided by v?
3
Suppose o - 116 + 23 = 0. What is the remainder when o is divided by 12?
9
Let d be (-7 - 0)*(1 + 0). Let j(k) = -k**2 - 10*k - 5. Calculate the remainder when 46 is divided by j(d).
14
Suppose 5 = -6*u + 65. What is the remainder when 14/(6/4 + -1) is divided by u?
8
Suppose 2*y - 3*f - 47 = 0, 0*f - 82 = -4*y + 2*f. Let a be (2/(-3))/((-2)/(-12)). Calculate the remainder when y is divided by 30/a*4/(-3).
9
Calculate the remainder when 44/5 + -2*2/(-20) is divided by 3.
0
Suppose -5*w = -4*w - 56. Suppose -5*r = -20, z - 5*r = 4*z - w. Let h(m) = -5*m + 7. What is the remainder when h(-3) is divided by z?
10
Suppose -t - 72 = -3*t. Calculate the remainder when 106 is divided by t.
34
Suppose 4*n - 2*t = 68, 0 = -0*n - 4*n - 2*t + 68. What is the remainder when n is divided by 10?
7
Let t(p) = p**2 + 5*p + 6. Let n be t(-4). Let o = 0 - -1. Calculate the remainder when (1*-2*n)/(-2) is divided by o.
0
Suppose -7 = 3*i - 2*t, 3*i = 4*t - 0 - 11. Let w be 1/2*(i + 23). Let d = 21 - w. What is the remainder when 18 is divided by d?
8
Suppose 0 = 51*m - 55*m + 84. Calculate the remainder when 80 is divided by m.
17
Let g(f) = f**3 + 6*f**2 + 3. Let y be g(-6). Suppose -2*q = -4*z + y*q + 161, 0 = -2*z - 4*q + 100. What is the remainder when z is divided by 15?
14
Let j be (-104)/(-12) - (-2)/6. Suppose -4*x + j*x - 145 = 0. Let u(s) = -s**2 + 8*s + 10. What is the remainder when x is divided by u(8)?
9
Let q(m) = 2*m - 6. Let a be q(5). Let d be (a/6)/(6/369). Let k = d - 19. What is the remainder when k is divided by 8?
6
Calculate the remainder when 8 - (-3 - 3 - -3) is divided by 6.
5
Let i(b) = -b**2 - 5*b + 7. Let n be i(-7). Let o(w) = -4*w - 4. What is the remainder when o(n) is divided by 2/(-6) + (-40)/(-3)?
11
Suppose 3*k - 3*t - 108 = 0, -5*k = -5*t + 3*t - 195. Calculate the remainder when k is divided by 14.
13
Let u be 50/(-15)*3/2. Let j = u - -1. What is the remainder when 508/18 + j/18 is divided by 15?
13
Suppose u - 10 = -u, x - 28 = -u. What is the remainder when x is divided by 13?
10
Suppose 0*v = d + 2*v - 28, -4*d - 4*v + 92 = 0. Suppose 2*q + 3 + 5 = 0. Let r = d - q. Calculate the remainder when r is divided by 12.
10
Let r = -4 - -9. Calculate the remainder when 8 is divided by r.
3
Suppose -270 - 45 = -9*v. Calculate the remainder when 136 is divided by v.
31
Let s(w) = w**2 + 13*w - 11. What is the remainder when 7 is divided by s(-14)?
1
Let y = 119 - 64. Calculate the remainder when y is divided by 14.
13
Suppose -10 = -2*y - 2. Calculate the remainder when 11 is divided by y.
3
Suppose -5*t = 2*r - 164, 3*t + 0*r = -5*r + 87. Calculate the remainder when 65 is divided by t.
31
Let p = 6 + -5. Let f = -2 + 30. Suppose -3*v = p - f. What is the remainder when 16 is divided by v?
7
Suppose 2*s + 4*p = -8, -11 = -4*s + 3*p + 17. Suppose -2*j - s*f = 0, 14 = -0*j + 4*j + f. Calculate the remainder when 13 is divided by j.
1
Let m = 78 - 40. What is the remainder when 